ghest common factor of 23 and i.
23
Let q be (1 - 2 - -4)*77. Let d = -13493 - -13526. What is the greatest common divisor of d and q?
33
Suppose 8 = -b + 124*y - 122*y, y - 31 = -4*b. What is the highest common factor of 20442 and b?
6
Let k = 4115 - 4070. Calculate the highest common factor of 6615 and k.
45
Let b(x) = 2350*x - 469. Let o be b(4). What is the highest common divisor of 39 and o?
39
Let d(j) = -j**3 + 30*j**2 + 3*j. Suppose 52*c - 51*c - 36 = -2*o, 0 = -4*c - 2*o + 126. Let a be d(c). Calculate the highest common divisor of a and 18.
18
Suppose -88*p + 117*p + 335544 = 73*p. Calculate the highest common factor of p and 6.
6
Let p = 1914 - -1388. What is the highest common factor of 26 and p?
26
Let f(m) = -m**2 - 16*m + 29. Let i be f(-18). Let u = 43 + i. Calculate the greatest common factor of u and 60.
12
Suppose -4 = -4*j - 18*d + 22*d, -3 = -3*d. Suppose 3*t - j*l - 99 = 0, 4*t - 63*l = -64*l + 132. Calculate the highest common factor of t and 957.
33
Suppose 4*x + n = 2*x + 88, 4*x - 2*n - 168 = 0. Suppose -x - 705 = -22*i. What is the greatest common factor of i and 119?
17
Suppose -w - 9 = -4*w. Suppose -4*f - 84 + 108 = 0. Suppose f = -w*o + 78. Calculate the highest common divisor of 8 and o.
8
Let t be (4 - -144)*(-7 - -8). Let k = 160 - t. What is the greatest common factor of 36 and k?
12
Let m(s) = s**2 - s - 8. Let c be m(-5). Suppose 2*q - c = -x, -30*q + 72 = 4*x - 26*q. Calculate the highest common factor of 1022 and x.
14
Suppose -5*t = 12 - 7. Let o be 36/126 - t/(14/1634). Let j = o + -108. Calculate the greatest common divisor of j and 1.
1
Let v(h) = -192*h - 571. Let n be v(-3). Calculate the highest common divisor of 745 and n.
5
Suppose 0 = 3*w + z - 6, 3*w = -0*z - 4*z + 6. Suppose 2*i + w*i = -2*d + 140, 3*i = -5*d + 336. Calculate the greatest common divisor of d and 44.
22
Let y = -9361 + 16661. Calculate the highest common factor of y and 146.
146
Suppose -16 = 64*m - 66*m. Let z be 1/(-3) - (-64)/3. Suppose a + 4 + z = 3*x, -5*a - 13 = -x. What is the highest common factor of x and m?
8
Suppose -6*p + 208 = -2*p. Suppose 2*d + 13 = -9. Let a be (1 - -1) + d/(-1). Calculate the highest common factor of a and p.
13
Suppose -31*w = -469 + 159. Let a be (-12)/8*16/(-6). Let g be 180/(-8)*a/(-3). Calculate the greatest common factor of g and w.
10
Suppose -2*p - 4*s = 702, 3*p + s = -219 - 839. Let t = p - -419. Calculate the highest common divisor of 24 and t.
6
Let g = 12032 + -11876. Calculate the greatest common factor of 9906 and g.
78
Let v(z) = 25*z**2 + 1268*z + 115. Let w be v(-51). What is the highest common divisor of 32 and w?
8
Let o = -1075 - -1087. What is the highest common divisor of o and 228?
12
Let d(s) = 28*s**2 - 2. Let t(j) = -j**2 + j + 3. Let p(f) = d(f) - 3*t(f). Let i be p(-2). What is the greatest common factor of 85 and i?
17
Let x(i) = -2*i + 1. Let k(c) = -4*c - 14. Let g(w) = -k(w) + 3*x(w). Let j be g(-32). Calculate the greatest common factor of j and 108.
27
Let k be 1903/(-44) - (10/(-8) - -1). Let a = k - -48. Let c = 32 - a. Calculate the highest common divisor of c and 3.
3
Suppose -731 = -6*m + 1201. Let b = 520 + -382. Calculate the highest common divisor of m and b.
46
Let c(m) = -m**3 - 26*m**2 - 6*m + 166. Let v be c(-26). What is the greatest common factor of v and 138?
46
Suppose 2*v + 5*x = x + 62, 0 = x. Suppose 5*z = -4*a + 3553, 45*z + 3568 = 50*z - a. What is the greatest common factor of v and z?
31
Suppose -89*z + 84*z + 170 = 0. What is the greatest common factor of 850 and z?
34
Let c(h) = 6*h**2 - 97*h - 1100. Let i be c(-10). Calculate the highest common factor of i and 10.
10
Let x(b) = 12*b**3 - 3*b + 1. Let i be x(2). Suppose 0 = u - 3*v - 53, -361*u + 364*u + v - 29 = 0. What is the highest common factor of u and i?
7
Suppose -41*m + 973 + 380 = 0. Calculate the highest common divisor of m and 143.
11
Suppose s + 5 - 9 = 0. Let v = 83 + -58. Let f be (-4 + v)/(6/8). Calculate the greatest common factor of f and s.
4
Let d(h) = -6*h + 16. Let p be d(3). Let m be (5/10)/(p/(-112)). Suppose -5*o + 61 = -289. Calculate the greatest common factor of m and o.
14
Let d(a) = 8*a**2 + 1036*a + 548. Let h be d(-129). Calculate the highest common factor of 1816 and h.
8
Suppose 10 = -2*q, 5*h - 101055 = 196*q - 192*q. Calculate the greatest common factor of 167 and h.
167
Suppose 3*s - 54934 = -4*h, 0 = 22*s - 26*s - 5*h + 73244. Calculate the greatest common divisor of s and 162.
162
Let c be (2073/135 - 6/45) + 12/(-54). Calculate the greatest common factor of 1525 and c.
5
Let v(y) = -2*y**3 + 51*y**2 + 25*y + 31. Let o be v(26). Calculate the highest common factor of o and 535.
5
Let w be ((-11)/((-176)/(-24)))/((-3)/6). Suppose 31*k - w*k - 308 = 0. What is the greatest common divisor of 1 and k?
1
Let y be (2/8)/((-2)/(-36))*53720/102. Calculate the greatest common factor of 3 and y.
3
Let y = 607 + -594. Suppose -4*n + y = -39. Let q(x) = -9*x - 1. Let v be q(-3). What is the highest common divisor of v and n?
13
Let r(t) = -t**3 + 6*t**2 - 6*t + 4. Let y be r(4). Let o = -142 + 20. Let v = -118 - o. Calculate the greatest common divisor of y and v.
4
Suppose 3*q = q + 38. Suppose 5*y + 3*l + 475 = 0, y + l = 5*l - 72. Let w = 60 - y. What is the greatest common factor of q and w?
19
Let r(h) = 2*h**3 + 3*h**2 + 5*h - 16. Let y = -5 - -9. Let g be r(y). Calculate the greatest common factor of g and 36.
36
Let l be (-18)/(199/(-33) + 6). Let k = l + -469. Let r be ((-5)/(-4))/(3/60). What is the greatest common factor of k and r?
25
Suppose 13*x - 51*x + 1561 = -35. Let r = -60 + 84. What is the highest common divisor of x and r?
6
Let w be (-17 - (0 + 3))*(32 - 33). What is the greatest common factor of 348 and w?
4
Let o(v) = 12*v - 12. Let u be o(3). Let m be (-12)/6 + (3 - 2) + u. What is the highest common divisor of 322 and m?
23
Let b be (-22)/(-3) + 12/18. Let d be 8 - 2954/(-14 + 7). Suppose 0 = -5*w - 5*q + d, -19*w + 3*q = -18*w - 94. What is the greatest common factor of b and w?
8
Let w(q) = q**2 - 27*q + 11. Let p be w(15). Let f be p/(-4)*(-6 - (8 + -18)). What is the greatest common divisor of f and 13?
13
Suppose -8*h - 96 = 112. Let o be (-39)/h + (-10)/(-4). Suppose 249 = o*k - 111. What is the greatest common divisor of k and 18?
18
Let k(x) = -18*x - 2 - 8*x + 18*x + 2*x**2. Let r(o) = o**2 + 3*o + 5. Let f be r(-4). Let n be k(f). Calculate the greatest common divisor of 8 and n.
8
Suppose 2*b - 240 = 4*d, -2*b - 25 + 260 = -3*d. Let r = 122 - b. What is the highest common divisor of r and 6?
6
Suppose -39*h + 36*h - 66954 = -2*t, t - 33462 = -h. Calculate the greatest common divisor of t and 12.
12
Suppose 6*m = -8822 + 11258. What is the highest common factor of 1682 and m?
58
Let d = -310 + 485. Let y be (-5)/(d/(-480))*7. Let q = y + -84. What is the highest common factor of q and 4?
4
Let x be (-112)/(-42)*(-6)/(-8). Calculate the highest common factor of 1718 and x.
2
Let y be (-12)/(-6) + 144/(-75) - 97448/(-650). What is the greatest common factor of 2350 and y?
50
Suppose 0 = -10*w + 2*w + 782 + 1522. What is the highest common factor of 45 and w?
9
Suppose 19*q - 4 = 15*q. Let c(k) = 3*k - 7. Let y be c(4). What is the greatest common factor of q and y?
1
Suppose t - h - 2 = 0, 113*t - 112*t + 4*h - 17 = 0. Suppose 3*j - f - 9 = 2*j, -4 = 4*j + 4*f. What is the greatest common factor of t and j?
1
Let n = 9 + -2. Let f(t) = -3*t**2 + 6 + 3*t**2 - t**2 - 7 - n*t. Let c be f(-6). What is the highest common divisor of c and 45?
5
Let s be 1 - ((9 - 7) + (-2)/(2/25)). What is the highest common divisor of 9840 and s?
24
Suppose 9760 = 20*n - 554 + 934. Calculate the highest common divisor of n and 67.
67
Let g be 5239/39 + 4/(-3). Let b be 8/1*g/28. Let j be 2 + 136/4 - -2. Calculate the highest common factor of j and b.
38
Let q be 6546/30 + (-156)/(-20) + -7. Calculate the highest common factor of 3 and q.
3
Suppose 2*f - 2*p + 0*p = 168, -f = 2*p - 93. Let o(g) = g**3 + 5*g**2 - 8*g - 11. Let y be o(-5). What is the highest common divisor of y and f?
29
Let h(b) = -4*b + 30. Let k(z) = -z**2 + 2*z + 30. Let u be k(-4). Let n be h(u). Calculate the highest common factor of n and 3.
3
Suppose b = -m + 397, -5*b 